is the remainder when 31006 is divided by 159?
1
Calculate the remainder when 617 is divided by 337.
280
What is the remainder when 10532 is divided by 2468?
660
Calculate the remainder when 199133 is divided by 851.
850
Calculate the remainder when 1887911 is divided by 18.
17
What is the remainder when 1371 is divided by 171?
3
Calculate the remainder when 1295 is divided by 152.
79
What is the remainder when 59260 is divided by 42?
40
Calculate the remainder when 22497 is divided by 25.
22
What is the remainder when 350262 is divided by 268?
254
Calculate the remainder when 2634 is divided by 1265.
104
Calculate the remainder when 464 is divided by 44.
24
What is the remainder when 16904 is divided by 16886?
18
What is the remainder when 4818 is divided by 9?
3
What is the remainder when 5579 is divided by 2785?
9
Calculate the remainder when 1264 is divided by 23.
22
What is the remainder when 72873 is divided by 321?
6
What is the remainder when 41197 is divided by 8232?
37
Calculate the remainder when 22437 is divided by 20.
17
What is the remainder when 142468 is divided by 1131?
1093
What is the remainder when 782 is divided by 177?
74
What is the remainder when 178496 is divided by 15?
11
Calculate the remainder when 139315 is divided by 36.
31
What is the remainder when 2736 is divided by 1359?
18
What is the remainder when 1656645 is divided by 1038?
1035
Calculate the remainder when 103847 is divided by 22.
7
Calculate the remainder when 10803944 is divided by 15.
14
What is the remainder when 9902 is divided by 310?
292
What is the remainder when 34068 is divided by 37?
28
Calculate the remainder when 29363 is divided by 14594.
175
What is the remainder when 979 is divided by 362?
255
What is the remainder when 196748 is divided by 50?
48
What is the remainder when 188695 is divided by 412?
411
Calculate the remainder when 9582 is divided by 1680.
1182
Calculate the remainder when 81472 is divided by 8147.
2
What is the remainder when 1640 is divided by 44?
12
Calculate the remainder when 34206 is divided by 4.
2
What is the remainder when 57277 is divided by 320?
317
Calculate the remainder when 5395 is divided by 1180.
675
What is the remainder when 42615 is divided by 384?
375
Calculate the remainder when 5799 is divided by 39.
27
Calculate the remainder when 2067 is divided by 234.
195
Calculate the remainder when 7562 is divided by 24.
2
What is the remainder when 40564 is divided by 11?
7
What is the remainder when 742318 is divided by 46?
16
Calculate the remainder when 1833 is divided by 258.
27
Calculate the remainder when 14375 is divided by 625.
0
What is the remainder when 72215 is divided by 115?
110
Calculate the remainder when 10327 is divided by 20.
7
Calculate the remainder when 94714 is divided by 12.
10
What is the remainder when 50833 is divided by 14?
13
Calculate the remainder when 1174955 is divided by 371.
369
What is the remainder when 914 is divided by 907?
7
Calculate the remainder when 15627 is divided by 26.
1
Calculate the remainder when 1328 is divided by 482.
364
What is the remainder when 8212 is divided by 49?
29
What is the remainder when 2966 is divided by 430?
386
What is the remainder when 36891 is divided by 150?
141
What is the remainder when 11909 is divided by 27?
2
What is the remainder when 476606 is divided by 352?
350
Calculate the remainder when 4744 is divided by 1066.
480
Calculate the remainder when 22965 is divided by 29.
26
What is the remainder when 80602 is divided by 352?
346
What is the remainder when 2024 is divided by 108?
80
Calculate the remainder when 2477 is divided by 88.
13
What is the remainder when 14514 is divided by 392?
10
Calculate the remainder when 40857 is divided by 365.
342
Calculate the remainder when 36257 is divided by 743.
593
Calculate the remainder when 94886 is divided by 29.
27
What is the remainder when 21203 is divided by 10590?
23
Calculate the remainder when 8688 is divided by 1229.
85
What is the remainder when 1387193 is divided by 63?
59
Calculate the remainder when 29487 is divided by 181.
165
What is the remainder when 640 is divided by 91?
3
Calculate the remainder when 100540 is divided by 100528.
12
What is the remainder when 8983 is divided by 641?
9
What is the remainder when 20831 is divided by 14?
13
What is the remainder when 185836 is divided by 242?
222
What is the remainder when 17850 is divided by 20?
10
What is the remainder when 16587 is divided by 691?
3
What is the remainder when 881 is divided by 501?
380
Calculate the remainder when 3668 is divided by 915.
8
Calculate the remainder when 426084 is divided by 10.
4
What is the remainder when 39966 is divided by 4970?
206
What is the remainder when 4442 is divided by 505?
402
What is the remainder when 2599178 is divided by 13?
10
What is the remainder when 14651 is divided by 137?
129
Calculate the remainder when 5379 is divided by 2686.
7
What is the remainder when 459 is divided by 223?
13
What is the remainder when 4984 is divided by 733?
586
Calculate the remainder when 200 is divided by 67.
66
What is the remainder when 51069 is divided by 84?
81
What is the remainder when 15886 is divided by 176?
46
What is the remainder when 2772 is divided by 5?
2
Calculate the remainder when 14905 is divided by 105.
100
Calculate the remainder when 326658 is divided by 108885.
3
What is the remainder when 30733 is divided by 236?
53
What is the remainder when 1847 is divided by 77?
76
Calculate the remainder when 4832 is divided by 158.
92
Calculate the remainder when 650918 is divided by 19.
16
Calculate the remainder when 11112 is divided by 526.
66
Calculate the remainder when 2587 is divided by 1256.
75
What is the remainder when 6588 is divided by 6530?
58
Calculate the remainder when 10678 is divided by 79.
13
Calculate the remainder when 26543 is divided by 120.
23
Calculate the remainder when 16527 is divided by 351.
30
Calculate the remainder when 214564 is divided by 23840.
4
Calculate the remainder when 78195 is divided by 26062.
9
Calculate the remainder when 798621 is divided by 47.
44
What is the remainder when 4121 is divided by 24?
17
What is the remainder when 69846 is divided by 27?
24
Calculate the remainder when 19092 is divided by 57.
54
Calculate the remainder when 190366 is divided by 12.
10
What is the remainder when 4304 is divided by 30?
14
Calculate the remainder when 684 is divided by 319.
46
Calculate the remainder when 287133 is divided by 288.
285
Calculate the remainder when 5882 is divided by 131.
118
What is the remainder when 346016 is divided by 38?
26
What is the remainder when 4324592 is divided by 21?
20
Calculate the remainder when 195307 is divided by 104.
99
Calculate the remainder when 449461 is divided by 6157.
0
Calculate the remainder when 20472 is divided by 725.
172
What is the remainder when 43903 is divided by 41?
33
Calculate the remainder when 4372659 is divided by 1555.
1554
What is the remainder when 15832 is divided by 174?
172
Calculate the remainder when 5769 is divided by 165.
159
Calculate the remainder when 38763 is divided by 74.
61
Calculate the remainder when 269514 is divided by 4418.
16
What is the remainder when 1225880 is divided by 44?
40
Calculate the remainder when 136927 is divided by 249.
226
Calculate the remainder when 24486 is divided by 2.
0
Calculate the remainder when 175665 is divided by 7319.
9
What is the remainder when 951299 is divided by 45?
44
What is the remainder when 44158 is divided by 271?
256
What is the remainder when 104606 is divided by 9?
8
Calculate the remainder when 34768 is divided by 319.
316
Calculate the remainder when 2718788 is divided by 18.
14
Calculate the remainder when 12632 is divided by 4207.
11
What is the remainder when 7195 is divided by 2336?
187
What is the remainder when 108351 is divided by 120?
111
What is the remainder when 3229 is divided by 176?
61
Calculate the remainder when 93615 is divided by 179.
177
Calculate the remainder when 663 is divided by 161.
19
What is the remainder when 2056395 is divided by 443?
432
What is the remainder when 6307 is divided by 68?
51
Calculate the remainder when 35346 is divided by 1159.
576
Calculate the remainder when 451